{"id":163,"date":"2024-07-12T06:11:48","date_gmt":"2024-07-12T06:11:48","guid":{"rendered":"https:\/\/sladjanpetrovic.ch\/?page_id=163"},"modified":"2024-07-12T06:16:10","modified_gmt":"2024-07-12T06:16:10","slug":"wirtschaft-arbeit","status":"publish","type":"page","link":"https:\/\/sladjanpetrovic.ch\/?page_id=163","title":{"rendered":"Wirtschaft &#038; Arbeit"},"content":{"rendered":"\t\t<div data-elementor-type=\"wp-page\" data-elementor-id=\"163\" class=\"elementor elementor-163\">\n\t\t\t\t<div class=\"elementor-element elementor-element-447cf7d e-flex e-con-boxed e-con e-parent\" data-id=\"447cf7d\" data-element_type=\"container\">\n\t\t\t\t\t<div class=\"e-con-inner\">\n\t\t\t\t<div class=\"elementor-element elementor-element-28c044f elementor-widget elementor-widget-heading\" data-id=\"28c044f\" data-element_type=\"widget\" data-widget_type=\"heading.default\">\n\t\t\t\t<div class=\"elementor-widget-container\">\n\t\t\t\t\t<h2 class=\"elementor-heading-title elementor-size-default\">Meine Vision<\/h2>\t\t\t\t<\/div>\n\t\t\t\t<\/div>\n\t\t\t\t\t<\/div>\n\t\t\t\t<\/div>\n\t\t<div class=\"elementor-element elementor-element-b16f94a e-flex e-con-boxed e-con e-parent\" data-id=\"b16f94a\" data-element_type=\"container\">\n\t\t\t\t\t<div class=\"e-con-inner\">\n\t\t\t\t<div class=\"elementor-element elementor-element-60cb583 elementor-widget elementor-widget-text-editor\" data-id=\"60cb583\" data-element_type=\"widget\" data-widget_type=\"text-editor.default\">\n\t\t\t\t<div class=\"elementor-widget-container\">\n\t\t\t\t\t\t\t\t\t<blockquote><p>Eine stabile und wachsende Wirtschaft sowie sichere und gut bezahlte Arbeitspl\u00e4tze sind die Grundpfeiler einer erfolgreichen Gesellschaft. Meine Vision ist es, eine Politik zu gestalten, die traditionelle Werte respektiert und gleichzeitig Innovationen f\u00f6rdert, um die Schweiz wirtschaftlich stark und wettbewerbsf\u00e4hig zu halten.<br \/>Sladjan Petrovic<\/p><\/blockquote>\t\t\t\t\t\t\t\t<\/div>\n\t\t\t\t<\/div>\n\t\t\t\t<div class=\"elementor-element elementor-element-342fbec elementor-widget elementor-widget-accordion\" data-id=\"342fbec\" data-element_type=\"widget\" data-widget_type=\"accordion.default\">\n\t\t\t\t<div class=\"elementor-widget-container\">\n\t\t\t\t\t\t\t<div class=\"elementor-accordion\">\n\t\t\t\t\t\t\t<div class=\"elementor-accordion-item\">\n\t\t\t\t\t<div id=\"elementor-tab-title-5471\" class=\"elementor-tab-title\" data-tab=\"1\" role=\"button\" aria-controls=\"elementor-tab-content-5471\" aria-expanded=\"false\">\n\t\t\t\t\t\t\t\t\t\t\t\t\t<span class=\"elementor-accordion-icon elementor-accordion-icon-left\" aria-hidden=\"true\">\n\t\t\t\t\t\t\t\t\t\t\t\t\t\t\t<span class=\"elementor-accordion-icon-closed\"><svg class=\"e-font-icon-svg e-fas-plus\" viewBox=\"0 0 448 512\" xmlns=\"http:\/\/www.w3.org\/2000\/svg\"><path d=\"M416 208H272V64c0-17.67-14.33-32-32-32h-32c-17.67 0-32 14.33-32 32v144H32c-17.67 0-32 14.33-32 32v32c0 17.67 14.33 32 32 32h144v144c0 17.67 14.33 32 32 32h32c17.67 0 32-14.33 32-32V304h144c17.67 0 32-14.33 32-32v-32c0-17.67-14.33-32-32-32z\"><\/path><\/svg><\/span>\n\t\t\t\t\t\t\t\t<span class=\"elementor-accordion-icon-opened\"><svg class=\"e-font-icon-svg e-fas-minus\" viewBox=\"0 0 448 512\" xmlns=\"http:\/\/www.w3.org\/2000\/svg\"><path d=\"M416 208H32c-17.67 0-32 14.33-32 32v32c0 17.67 14.33 32 32 32h384c17.67 0 32-14.33 32-32v-32c0-17.67-14.33-32-32-32z\"><\/path><\/svg><\/span>\n\t\t\t\t\t\t\t\t\t\t\t\t\t\t<\/span>\n\t\t\t\t\t\t\t\t\t\t\t\t<a class=\"elementor-accordion-title\" tabindex=\"0\">F\u00f6rderung der Schweizer Unternehmen<\/a>\n\t\t\t\t\t<\/div>\n\t\t\t\t\t<div id=\"elementor-tab-content-5471\" class=\"elementor-tab-content elementor-clearfix\" data-tab=\"1\" role=\"region\" aria-labelledby=\"elementor-tab-title-5471\"><p>Die Unterst\u00fctzung und F\u00f6rderung von Schweizer Unternehmen ist essenziell f\u00fcr die wirtschaftliche St\u00e4rke unseres Landes.<\/p><ul><li><strong>Wirtschaftswachstum<\/strong>: Starke Unternehmen treiben das Wirtschaftswachstum an und schaffen Arbeitspl\u00e4tze.<\/li><li><strong>Innovation<\/strong>: Die F\u00f6rderung von Unternehmen unterst\u00fctzt Innovationen und technologische Fortschritte.<\/li><li><strong>Wettbewerbsf\u00e4higkeit<\/strong>: Schweizer Unternehmen, die international wettbewerbsf\u00e4hig sind, tragen zur Stabilit\u00e4t und zum Wohlstand des Landes bei.<\/li><li><strong>Regionale Entwicklung<\/strong>: Unterst\u00fctzung lokaler Unternehmen f\u00f6rdert die regionale Entwicklung und st\u00e4rkt l\u00e4ndliche Gebiete.<\/li><li><strong>Steuereinnahmen<\/strong>: Erfolgreiche Unternehmen generieren Steuereinnahmen, die f\u00fcr \u00f6ffentliche Dienstleistungen und Infrastruktur genutzt werden k\u00f6nnen.<\/li><\/ul><\/div>\n\t\t\t\t<\/div>\n\t\t\t\t\t\t\t<div class=\"elementor-accordion-item\">\n\t\t\t\t\t<div id=\"elementor-tab-title-5472\" class=\"elementor-tab-title\" data-tab=\"2\" role=\"button\" aria-controls=\"elementor-tab-content-5472\" aria-expanded=\"false\">\n\t\t\t\t\t\t\t\t\t\t\t\t\t<span class=\"elementor-accordion-icon elementor-accordion-icon-left\" aria-hidden=\"true\">\n\t\t\t\t\t\t\t\t\t\t\t\t\t\t\t<span class=\"elementor-accordion-icon-closed\"><svg class=\"e-font-icon-svg e-fas-plus\" viewBox=\"0 0 448 512\" xmlns=\"http:\/\/www.w3.org\/2000\/svg\"><path d=\"M416 208H272V64c0-17.67-14.33-32-32-32h-32c-17.67 0-32 14.33-32 32v144H32c-17.67 0-32 14.33-32 32v32c0 17.67 14.33 32 32 32h144v144c0 17.67 14.33 32 32 32h32c17.67 0 32-14.33 32-32V304h144c17.67 0 32-14.33 32-32v-32c0-17.67-14.33-32-32-32z\"><\/path><\/svg><\/span>\n\t\t\t\t\t\t\t\t<span class=\"elementor-accordion-icon-opened\"><svg class=\"e-font-icon-svg e-fas-minus\" viewBox=\"0 0 448 512\" xmlns=\"http:\/\/www.w3.org\/2000\/svg\"><path d=\"M416 208H32c-17.67 0-32 14.33-32 32v32c0 17.67 14.33 32 32 32h384c17.67 0 32-14.33 32-32v-32c0-17.67-14.33-32-32-32z\"><\/path><\/svg><\/span>\n\t\t\t\t\t\t\t\t\t\t\t\t\t\t<\/span>\n\t\t\t\t\t\t\t\t\t\t\t\t<a class=\"elementor-accordion-title\" tabindex=\"0\">Sicherstellung fairer Arbeitsbedingungen<\/a>\n\t\t\t\t\t<\/div>\n\t\t\t\t\t<div id=\"elementor-tab-content-5472\" class=\"elementor-tab-content elementor-clearfix\" data-tab=\"2\" role=\"region\" aria-labelledby=\"elementor-tab-title-5472\"><p>Faire Arbeitsbedingungen sind entscheidend, um die Motivation und das Wohlbefinden der Arbeitnehmer zu gew\u00e4hrleisten.<\/p><ul><li><strong>Mitarbeitermotivation<\/strong>: Faire Arbeitsbedingungen und angemessene Bezahlung motivieren die Mitarbeiter und erh\u00f6hen ihre Produktivit\u00e4t.<\/li><li><strong>Gesundheit und Wohlbefinden<\/strong>: Gute Arbeitsbedingungen f\u00f6rdern die Gesundheit und das Wohlbefinden der Arbeitnehmer.<\/li><li><strong>Soziale Gerechtigkeit<\/strong>: Faire Arbeitsbedingungen tragen zur sozialen Gerechtigkeit bei und verhindern Ausbeutung.<\/li><li><strong>Wettbewerbsvorteil<\/strong>: Unternehmen, die faire Arbeitsbedingungen bieten, sind attraktivere Arbeitgeber und k\u00f6nnen die besten Talente anziehen.<\/li><li><strong>Stabilit\u00e4t<\/strong>: Zufriedene Arbeitnehmer tragen zur Stabilit\u00e4t und zum Erfolg eines Unternehmens bei.<\/li><\/ul><\/div>\n\t\t\t\t<\/div>\n\t\t\t\t\t\t\t<div class=\"elementor-accordion-item\">\n\t\t\t\t\t<div id=\"elementor-tab-title-5473\" class=\"elementor-tab-title\" data-tab=\"3\" role=\"button\" aria-controls=\"elementor-tab-content-5473\" aria-expanded=\"false\">\n\t\t\t\t\t\t\t\t\t\t\t\t\t<span class=\"elementor-accordion-icon elementor-accordion-icon-left\" aria-hidden=\"true\">\n\t\t\t\t\t\t\t\t\t\t\t\t\t\t\t<span class=\"elementor-accordion-icon-closed\"><svg class=\"e-font-icon-svg e-fas-plus\" viewBox=\"0 0 448 512\" xmlns=\"http:\/\/www.w3.org\/2000\/svg\"><path d=\"M416 208H272V64c0-17.67-14.33-32-32-32h-32c-17.67 0-32 14.33-32 32v144H32c-17.67 0-32 14.33-32 32v32c0 17.67 14.33 32 32 32h144v144c0 17.67 14.33 32 32 32h32c17.67 0 32-14.33 32-32V304h144c17.67 0 32-14.33 32-32v-32c0-17.67-14.33-32-32-32z\"><\/path><\/svg><\/span>\n\t\t\t\t\t\t\t\t<span class=\"elementor-accordion-icon-opened\"><svg class=\"e-font-icon-svg e-fas-minus\" viewBox=\"0 0 448 512\" xmlns=\"http:\/\/www.w3.org\/2000\/svg\"><path d=\"M416 208H32c-17.67 0-32 14.33-32 32v32c0 17.67 14.33 32 32 32h384c17.67 0 32-14.33 32-32v-32c0-17.67-14.33-32-32-32z\"><\/path><\/svg><\/span>\n\t\t\t\t\t\t\t\t\t\t\t\t\t\t<\/span>\n\t\t\t\t\t\t\t\t\t\t\t\t<a class=\"elementor-accordion-title\" tabindex=\"0\">F\u00f6rderung der Aus- und Weiterbildung<\/a>\n\t\t\t\t\t<\/div>\n\t\t\t\t\t<div id=\"elementor-tab-content-5473\" class=\"elementor-tab-content elementor-clearfix\" data-tab=\"3\" role=\"region\" aria-labelledby=\"elementor-tab-title-5473\"><p>Investitionen in die Aus- und Weiterbildung sind notwendig, um die Wettbewerbsf\u00e4higkeit der Schweizer Wirtschaft zu sichern.<\/p><ul><li><strong>Fachkr\u00e4ftemangel<\/strong>: Eine starke Aus- und Weiterbildung sichert die Verf\u00fcgbarkeit qualifizierter Fachkr\u00e4fte.<\/li><li><strong>Innovation und Fortschritt<\/strong>: Gut ausgebildete Arbeitskr\u00e4fte treiben Innovation und technischen Fortschritt voran.<\/li><li><strong>Lebenslanges Lernen<\/strong>: Die F\u00f6rderung von Weiterbildung erm\u00f6glicht es Arbeitnehmern, sich an Ver\u00e4nderungen im Arbeitsmarkt anzupassen.<\/li><li><strong>Produktivit\u00e4t<\/strong>: Qualifizierte Arbeitskr\u00e4fte sind produktiver und tragen zum Erfolg der Unternehmen bei.<\/li><li><strong>Wettbewerbsf\u00e4higkeit<\/strong>: Eine hohe Bildungs- und Ausbildungsqualit\u00e4t macht die Schweiz wettbewerbsf\u00e4hig auf dem internationalen Markt.<\/li><\/ul><\/div>\n\t\t\t\t<\/div>\n\t\t\t\t\t\t\t<div class=\"elementor-accordion-item\">\n\t\t\t\t\t<div id=\"elementor-tab-title-5474\" class=\"elementor-tab-title\" data-tab=\"4\" role=\"button\" aria-controls=\"elementor-tab-content-5474\" aria-expanded=\"false\">\n\t\t\t\t\t\t\t\t\t\t\t\t\t<span class=\"elementor-accordion-icon elementor-accordion-icon-left\" aria-hidden=\"true\">\n\t\t\t\t\t\t\t\t\t\t\t\t\t\t\t<span class=\"elementor-accordion-icon-closed\"><svg class=\"e-font-icon-svg e-fas-plus\" viewBox=\"0 0 448 512\" xmlns=\"http:\/\/www.w3.org\/2000\/svg\"><path d=\"M416 208H272V64c0-17.67-14.33-32-32-32h-32c-17.67 0-32 14.33-32 32v144H32c-17.67 0-32 14.33-32 32v32c0 17.67 14.33 32 32 32h144v144c0 17.67 14.33 32 32 32h32c17.67 0 32-14.33 32-32V304h144c17.67 0 32-14.33 32-32v-32c0-17.67-14.33-32-32-32z\"><\/path><\/svg><\/span>\n\t\t\t\t\t\t\t\t<span class=\"elementor-accordion-icon-opened\"><svg class=\"e-font-icon-svg e-fas-minus\" viewBox=\"0 0 448 512\" xmlns=\"http:\/\/www.w3.org\/2000\/svg\"><path d=\"M416 208H32c-17.67 0-32 14.33-32 32v32c0 17.67 14.33 32 32 32h384c17.67 0 32-14.33 32-32v-32c0-17.67-14.33-32-32-32z\"><\/path><\/svg><\/span>\n\t\t\t\t\t\t\t\t\t\t\t\t\t\t<\/span>\n\t\t\t\t\t\t\t\t\t\t\t\t<a class=\"elementor-accordion-title\" tabindex=\"0\">St\u00e4rkung des dualen Bildungssystems<\/a>\n\t\t\t\t\t<\/div>\n\t\t\t\t\t<div id=\"elementor-tab-content-5474\" class=\"elementor-tab-content elementor-clearfix\" data-tab=\"4\" role=\"region\" aria-labelledby=\"elementor-tab-title-5474\"><p>Das duale Bildungssystem ist ein Erfolgsmodell, das weiterhin gef\u00f6rdert und ausgebaut werden muss.<\/p><ul><li><strong>Praxisnahe Ausbildung<\/strong>: Das duale Bildungssystem bietet eine praxisnahe Ausbildung, die den Bed\u00fcrfnissen der Wirtschaft entspricht.<\/li><li><strong>Arbeitsmarktorientierung<\/strong>: Absolventen des dualen Bildungssystems sind gut auf den Arbeitsmarkt vorbereitet und haben bessere Berufschancen.<\/li><li><strong>Integration<\/strong>: Das duale System f\u00f6rdert die Integration junger Menschen in die Arbeitswelt.<\/li><li><strong>Stabilit\u00e4t<\/strong>: Es tr\u00e4gt zur wirtschaftlichen Stabilit\u00e4t bei, indem es die L\u00fccke zwischen Theorie und Praxis schlie\u00dft.<\/li><li><strong>Innovation<\/strong>: Das duale Bildungssystem unterst\u00fctzt die kontinuierliche Weiterentwicklung und Anpassung an neue wirtschaftliche Anforderungen.<\/li><\/ul><\/div>\n\t\t\t\t<\/div>\n\t\t\t\t\t\t\t\t<\/div>\n\t\t\t\t\t\t<\/div>\n\t\t\t\t<\/div>\n\t\t\t\t\t<\/div>\n\t\t\t\t<\/div>\n\t\t<div class=\"elementor-element elementor-element-cb56514 e-flex e-con-boxed e-con e-parent\" data-id=\"cb56514\" data-element_type=\"container\">\n\t\t\t\t\t<div class=\"e-con-inner\">\n\t\t\t\t\t<\/div>\n\t\t\t\t<\/div>\n\t\t\t\t<\/div>\n\t\t","protected":false},"excerpt":{"rendered":"<p>Meine Vision Eine stabile und wachsende Wirtschaft sowie sichere und gut bezahlte Arbeitspl\u00e4tze sind die Grundpfeiler einer erfolgreichen Gesellschaft. Meine [&hellip;]<\/p>\n","protected":false},"author":1,"featured_media":0,"parent":0,"menu_order":0,"comment_status":"closed","ping_status":"closed","template":"","meta":{"site-sidebar-layout":"no-sidebar","site-content-layout":"","ast-site-content-layout":"full-width-container","site-content-style":"default","site-sidebar-style":"default","ast-global-header-display":"","ast-banner-title-visibility":"","ast-main-header-display":"","ast-hfb-above-header-display":"","ast-hfb-below-header-display":"","ast-hfb-mobile-header-display":"","site-post-title":"disabled","ast-breadcrumbs-content":"","ast-featured-img":"disabled","footer-sml-layout":"","ast-disable-related-posts":"","theme-transparent-header-meta":"","adv-header-id-meta":"","stick-header-meta":"","header-above-stick-meta":"","header-main-stick-meta":"","header-below-stick-meta":"","astra-migrate-meta-layouts":"default","ast-page-background-enabled":"default","ast-page-background-meta":{"desktop":{"background-color":"var(--ast-global-color-4)","background-image":"","background-repeat":"repeat","background-position":"center center","background-size":"auto","background-attachment":"scroll","background-type":"","background-media":"","overlay-type":"","overlay-color":"","overlay-opacity":"","overlay-gradient":""},"tablet":{"background-color":"","background-image":"","background-repeat":"repeat","background-position":"center center","background-size":"auto","background-attachment":"scroll","background-type":"","background-media":"","overlay-type":"","overlay-color":"","overlay-opacity":"","overlay-gradient":""},"mobile":{"background-color":"","background-image":"","background-repeat":"repeat","background-position":"center center","background-size":"auto","background-attachment":"scroll","background-type":"","background-media":"","overlay-type":"","overlay-color":"","overlay-opacity":"","overlay-gradient":""}},"ast-content-background-meta":{"desktop":{"background-color":"var(--ast-global-color-5)","background-image":"","background-repeat":"repeat","background-position":"center center","background-size":"auto","background-attachment":"scroll","background-type":"","background-media":"","overlay-type":"","overlay-color":"","overlay-opacity":"","overlay-gradient":""},"tablet":{"background-color":"var(--ast-global-color-5)","background-image":"","background-repeat":"repeat","background-position":"center center","background-size":"auto","background-attachment":"scroll","background-type":"","background-media":"","overlay-type":"","overlay-color":"","overlay-opacity":"","overlay-gradient":""},"mobile":{"background-color":"var(--ast-global-color-5)","background-image":"","background-repeat":"repeat","background-position":"center center","background-size":"auto","background-attachment":"scroll","background-type":"","background-media":"","overlay-type":"","overlay-color":"","overlay-opacity":"","overlay-gradient":""}},"footnotes":""},"class_list":["post-163","page","type-page","status-publish","hentry"],"_links":{"self":[{"href":"https:\/\/sladjanpetrovic.ch\/index.php?rest_route=\/wp\/v2\/pages\/163","targetHints":{"allow":["GET"]}}],"collection":[{"href":"https:\/\/sladjanpetrovic.ch\/index.php?rest_route=\/wp\/v2\/pages"}],"about":[{"href":"https:\/\/sladjanpetrovic.ch\/index.php?rest_route=\/wp\/v2\/types\/page"}],"author":[{"embeddable":true,"href":"https:\/\/sladjanpetrovic.ch\/index.php?rest_route=\/wp\/v2\/users\/1"}],"replies":[{"embeddable":true,"href":"https:\/\/sladjanpetrovic.ch\/index.php?rest_route=%2Fwp%2Fv2%2Fcomments&post=163"}],"version-history":[{"count":6,"href":"https:\/\/sladjanpetrovic.ch\/index.php?rest_route=\/wp\/v2\/pages\/163\/revisions"}],"predecessor-version":[{"id":169,"href":"https:\/\/sladjanpetrovic.ch\/index.php?rest_route=\/wp\/v2\/pages\/163\/revisions\/169"}],"wp:attachment":[{"href":"https:\/\/sladjanpetrovic.ch\/index.php?rest_route=%2Fwp%2Fv2%2Fmedia&parent=163"}],"curies":[{"name":"wp","href":"https:\/\/api.w.org\/{rel}","templated":true}]}}